{"id":659,"date":"2023-09-21T14:51:08","date_gmt":"2023-09-21T14:51:08","guid":{"rendered":"https:\/\/www.gizp.online\/blog\/?page_id=659"},"modified":"2023-09-21T20:53:58","modified_gmt":"2023-09-21T20:53:58","slug":"centro-evaluador-gizp","status":"publish","type":"page","link":"https:\/\/www.gizp.online\/blog\/centro-evaluador-gizp\/","title":{"rendered":"Centro Evaluador GIZP"},"content":{"rendered":"\n<p><strong>Nuestra Misi\u00f3n y Visi\u00f3n<\/strong><\/p>\n\n\n\n<p>Nuestra misi\u00f3n del Centro Evaluador GIZP se enfocar\u00e1 en el fomento de competencias profesionales con el objetivo de elevar la val\u00eda del capital humano en los sectores de Bienes Ra\u00edces y Educaci\u00f3n. Esto se llevar\u00e1 a cabo a trav\u00e9s de la impartici\u00f3n de capacitaci\u00f3n y la certificaci\u00f3n basada en rigurosos est\u00e1ndares de competencia, con la aspiraci\u00f3n de posicionarse como el principal Centro de Evaluaci\u00f3n de Competencias en M\u00e9xico, en colaboraci\u00f3n con el CONOCER.<\/p>\n\n\n\n<p>Nuestra visi\u00f3n es posicionarnos como el sistema educativo de vanguardia, destacando tanto en la modalidad en l\u00ednea como en la presencial, generando un impacto significativo y una relevancia sobresaliente en los sectores de Bienes Ra\u00edces y Educaci\u00f3n. Esta visi\u00f3n se concretar\u00e1 mediante la construcci\u00f3n de una robusta red compuesta por profesionales inmobiliarios y formadores altamente calificados y certificados, quienes estar\u00e1n comprometidos a colaborar con \u00e9tica y armon\u00eda en un esp\u00edritu de sinergia.<\/p>\n\n\n\n<p><\/p>\n\n\n\n<p><\/p>\n\n\n\n<p><strong>Nuestros servicios<\/strong><\/p>\n\n\n\n<p><strong>Centro de Evaluaci\u00f3n o (CE)<\/strong><\/p>\n\n\n\n<p>Un Centro de Evaluaci\u00f3n se refiere a una entidad que puede ser una entidad jur\u00eddica, una organizaci\u00f3n, una instituci\u00f3n p\u00fablica o privada, o incluso una unidad administrativa de alguna dependencia a nivel federal, estatal o municipal. Estos centros obtienen autorizaci\u00f3n por parte del CONOCER, previa recomendaci\u00f3n de una Entidad de Certificaci\u00f3n y Evaluaci\u00f3n de Competencias que haya sido acreditada por el CONOCER. Su prop\u00f3sito principal es llevar a cabo evaluaciones con fines de certificaci\u00f3n de las competencias de las personas, bas\u00e1ndose en Est\u00e1ndares de Competencia espec\u00edficos que est\u00e9n registrados en el Registro Nacional de Est\u00e1ndares de Competencia.<\/p>\n\n\n\n<p>Las funciones principales de los Centros de Evaluaci\u00f3n son las siguientes:<\/p>\n\n\n\n<p>1. Evaluar las competencias de las personas con el fin de otorgar la certificaci\u00f3n de acuerdo con los Est\u00e1ndares de Competencia en los que est\u00e9n autorizados.<\/p>\n\n\n\n<p>2. Gestionar el proceso de certificaci\u00f3n de competencias ante la Entidad de Certificaci\u00f3n y Evaluaci\u00f3n para aquellas personas que hayan demostrado su competencia en las evaluaciones correspondientes.<\/p>\n\n\n\n<p>3. Brindar orientaci\u00f3n y asesoramiento a las personas interesadas en el proceso de certificaci\u00f3n.<\/p>\n\n\n\n<p>4. Mantener est\u00e1ndares elevados en su operaci\u00f3n y ofrecer un servicio de alta calidad a los usuarios.<\/p>\n\n\n\n<p><\/p>\n\n\n\n<p><strong>Conoce a nuestro equipo<\/strong><\/p>\n\n\n\n<div class=\"wp-block-media-text alignwide is-stacked-on-mobile\" style=\"grid-template-columns:17% auto\"><figure class=\"wp-block-media-text__media\"><img loading=\"lazy\" width=\"104\" height=\"125\" src=\"https:\/\/www.gizp.online\/blog\/wp-content\/uploads\/2023\/09\/paty.jpg\" alt=\"\" class=\"wp-image-661 size-full\"\/><\/figure><div class=\"wp-block-media-text__content\">\n<p class=\"has-normal-font-size\">Paty Cabieses | Direcci\u00f3n del Centro y Evaluadora&nbsp;&nbsp; <\/p>\n<\/div><\/div>\n\n\n\n<hr class=\"wp-block-separator\"\/>\n\n\n\n<div class=\"wp-block-media-text alignwide is-stacked-on-mobile\" style=\"grid-template-columns:17% auto\"><figure class=\"wp-block-media-text__media\"><img loading=\"lazy\" width=\"1024\" height=\"894\" src=\"https:\/\/www.gizp.online\/blog\/wp-content\/uploads\/2023\/09\/teresa.jpg\" alt=\"\" class=\"wp-image-692 size-full\" srcset=\"https:\/\/www.gizp.online\/blog\/wp-content\/uploads\/2023\/09\/teresa.jpg 1024w, https:\/\/www.gizp.online\/blog\/wp-content\/uploads\/2023\/09\/teresa-300x262.jpg 300w, https:\/\/www.gizp.online\/blog\/wp-content\/uploads\/2023\/09\/teresa-768x671.jpg 768w, https:\/\/www.gizp.online\/blog\/wp-content\/uploads\/2023\/09\/teresa-769x671.jpg 769w, https:\/\/www.gizp.online\/blog\/wp-content\/uploads\/2023\/09\/teresa-600x524.jpg 600w\" sizes=\"(max-width: 1024px) 100vw, 1024px\" \/><\/figure><div class=\"wp-block-media-text__content\">\n<p class=\"has-normal-font-size\">Teresa Chiver | Evaluadora<\/p>\n<\/div><\/div>\n\n\n\n<hr class=\"wp-block-separator\"\/>\n\n\n\n<div class=\"wp-block-media-text alignwide is-stacked-on-mobile\" style=\"grid-template-columns:15% auto\"><figure class=\"wp-block-media-text__media\"><img loading=\"lazy\" width=\"104\" height=\"159\" src=\"https:\/\/www.gizp.online\/blog\/wp-content\/uploads\/2023\/09\/lety.jpg\" alt=\"\" class=\"wp-image-663 size-full\"\/><\/figure><div class=\"wp-block-media-text__content\">\n<p class=\"has-normal-font-size\">    Letty Estrada | Evaluadora<\/p>\n<\/div><\/div>\n\n\n\n<hr class=\"wp-block-separator\"\/>\n\n\n\n<p><\/p>\n\n\n\n<p><strong>Est\u00e1ndares de Competencia<\/strong><\/p>\n\n\n\n<p>EC0110.02&nbsp;&nbsp;&nbsp; Asesor\u00eda en Comercializacion en Bienes Ra\u00edces<\/p>\n\n\n\n<p>EC0217.01 &nbsp;&nbsp; Impartici\u00f3n de cursos de formaci\u00f3n del capital humano de manera presencial grupal<\/p>\n\n\n\n<p>EC0301 &nbsp;&nbsp;&nbsp;&nbsp;&nbsp;&nbsp;&nbsp;&nbsp; Dise\u00f1o de cursos de formaci\u00f3n del capital humano de manera presencial grupal, sus instrumentos de evaluaci\u00f3n y manuales del curso.<\/p>\n\n\n\n<p>EC0305 &nbsp;&nbsp;&nbsp;&nbsp;&nbsp;&nbsp;&nbsp;&nbsp; Prestaci\u00f3n de servicios de atenci\u00f3n a clientes<\/p>\n\n\n\n<p>EC0366&nbsp;&nbsp;&nbsp;&nbsp;&nbsp;&nbsp;&nbsp;&nbsp;&nbsp; Desarrollo de cursos de formaci\u00f3n en l\u00ednea<\/p>\n\n\n\n<p>Blog:<\/p>\n\n\n\n<p><strong>\u00bfPorqu\u00e9 te debes certificar en una Competencia?<\/strong><\/p>\n\n\n\n<p>La certificaci\u00f3n es una herramienta que tiene un valor significativo tanto en tu crecimiento personal como en tu desarrollo profesional. Al obtener una certificaci\u00f3n, te conviertes en un profesional m\u00e1s competente y calificado, lo que te brinda mayores oportunidades en un mercado laboral cada vez m\u00e1s exigente y competitivo. Cada d\u00eda, un n\u00famero creciente de empresas en nuestro pa\u00eds busca empleados con experiencia, conocimientos, habilidades y destrezas certificadas, capaces de desempe\u00f1arse de manera exitosa en sus roles.<\/p>\n\n\n\n<p>Un Certificado de Competencia certifica tu capacidad independientemente de c\u00f3mo hayas adquirido tus conocimientos, habilidades y competencias. Este certificado es un documento oficial que reconoce que una persona es competente de acuerdo a los est\u00e1ndares establecidos en un Est\u00e1ndar de Competencia y queda registrado en el Registro Nacional de Est\u00e1ndares de Competencia.<\/p>\n","protected":false},"excerpt":{"rendered":"<p>Nuestra Misi\u00f3n y Visi\u00f3n Nuestra misi\u00f3n del Centro Evaluador GIZP se enfocar\u00e1 en el fomento de competencias profesionales con el objetivo de elevar la val\u00eda&hellip;<\/p>\n","protected":false},"author":2,"featured_media":0,"parent":0,"menu_order":0,"comment_status":"closed","ping_status":"closed","template":"","meta":[],"_links":{"self":[{"href":"https:\/\/www.gizp.online\/blog\/wp-json\/wp\/v2\/pages\/659"}],"collection":[{"href":"https:\/\/www.gizp.online\/blog\/wp-json\/wp\/v2\/pages"}],"about":[{"href":"https:\/\/www.gizp.online\/blog\/wp-json\/wp\/v2\/types\/page"}],"author":[{"embeddable":true,"href":"https:\/\/www.gizp.online\/blog\/wp-json\/wp\/v2\/users\/2"}],"replies":[{"embeddable":true,"href":"https:\/\/www.gizp.online\/blog\/wp-json\/wp\/v2\/comments?post=659"}],"version-history":[{"count":21,"href":"https:\/\/www.gizp.online\/blog\/wp-json\/wp\/v2\/pages\/659\/revisions"}],"predecessor-version":[{"id":694,"href":"https:\/\/www.gizp.online\/blog\/wp-json\/wp\/v2\/pages\/659\/revisions\/694"}],"wp:attachment":[{"href":"https:\/\/www.gizp.online\/blog\/wp-json\/wp\/v2\/media?parent=659"}],"curies":[{"name":"wp","href":"https:\/\/api.w.org\/{rel}","templated":true}]}}